Suppose 4168 = 5*n + 2*x, 8*n = 6*n - 4*x + 1664. What is the tens digit of n?
3
Suppose -4*l + 44 = 2*v, 2*l + 2*v = l + 8. Let z = -9 + l. Suppose 5*y - 18 = z*y. What is the units digit of y?
9
Let m(q) = q - 46. Let j be m(26). Let c = j + 103. What is the units digit of c?
3
Suppose 87*u - 89*u = -516. What is the hundreds digit of u?
2
Suppose 0 = m - 6*m + 3*x, 0 = -5*m - 3*x + 30. Suppose m*c - 203 = -47. What is the tens digit of c?
5
Suppose 357 = -4*u - 319. Let q = u - -356. What is the units digit of q?
7
Suppose -23*d = -50 - 801. What is the tens digit of d?
3
Let n be 1/(3/(-6)*-1). Let w(j) = 2 - j - n. What is the units digit of w(-7)?
7
Suppose 0 = 21*f + 13*f - 96288. What is the hundreds digit of f?
8
Let q be 15/2*64/12. Suppose -9*s + 14*s = -q. What is the units digit of 12 + (4 + s - -3)?
1
Suppose -3*c + 272 = -187. Let w be ((-4)/(-3))/(6/c). Suppose -3*z = 4*k - 25 - w, -4*k = -z - 39. What is the units digit of k?
1
Suppose -z + 2*z - 21 = -3*v, -3*z - v + 23 = 0. Suppose z*f - 454 = 1370. What is the tens digit of f?
0
Suppose 3*u - 6 = -0. Let p be ((-2)/4)/((-7)/(-14)). What is the tens digit of p*(u + -15 + 0)?
1
Let n(t) = -134*t - 104. What is the hundreds digit of n(-22)?
8
Suppose 20*s = -5*s + 57600. What is the thousands digit of s?
2
Let v(r) = -r + 8. Let w be v(9). Let q(t) = t - 1. Let g(i) = 46*i + 6. Let y(n) = -g(n) - 4*q(n). What is the tens digit of y(w)?
4
Suppose -30*r = -29*r - 3176. What is the units digit of r?
6
Suppose -k = 5*a - 2463, -2*a + 2*k + 993 = 5*k. What is the tens digit of a?
9
Let a(w) be the third derivative of 43*w**4/24 - w**3/2 + 2*w**2 - 6. What is the units digit of a(5)?
2
What is the units digit of (24/5)/(3/230)?
8
What is the hundreds digit of -2*49/14*1326/(-14)?
6
Let o(s) be the second derivative of 5/2*s**2 + 4/3*s**3 + 0 + 9*s + 1/6*s**4. What is the units digit of o(-4)?
5
Let x(u) = -34*u + 9*u + 15 + 16*u - 4*u**3 + 3*u**3 + 11*u**2. What is the units digit of x(7)?
8
Suppose 5*z - 3204 = -z. What is the tens digit of z?
3
Let t = 6 + -3. Let s(a) = a**3 - 2*a**2 - 4*a + 3. Let h be s(t). Suppose -3*q + h = -72. What is the units digit of q?
4
Let w(u) = -2*u**2 - 13*u + 6. Let m be w(-7). What is the units digit of -4*m/(-2) - -61?
9
Suppose 0*i + 2*u + 30 = 2*i, 85 = 5*i - 3*u. Suppose -o - 5 = 4*y + 3, -4*y = i. What is the units digit of o?
2
Let r(q) = -2*q**3 - 2*q**2 + 2*q - 6. Suppose 20 = 30*p - 35*p. What is the tens digit of r(p)?
8
Let t = -744 - -1331. What is the units digit of t?
7
Let w be 5 + -4 - -4 - 2. Suppose w*t - 51 - 21 = 0. What is the tens digit of t?
2
Let d be 6/3*(5 - -8). Let k = -23 + d. Suppose -k*m = -m + p - 33, 52 = 3*m + 4*p. What is the units digit of m?
6
Suppose 8*l + 32 = 12*l. Let g = l + -4. Suppose g*z = -0*z + 92. What is the tens digit of z?
2
Let v(m) = 37*m - 6. What is the hundreds digit of v(8)?
2
Let a(i) = i - 5. Let d be a(0). Let u be (2/(-4))/(d/(-180)). What is the units digit of -5 + 7 - u/1?
0
Let h = -766 + 6122. What is the tens digit of h?
5
Let b = 5 - -1. Let q be 6/(-4) + 213/b. Suppose -74 = -4*v + q. What is the units digit of v?
7
Let q = -127 - -212. Let a = q - 44. What is the tens digit of a?
4
Suppose -2*z - 12 + 5 = -3*o, 2*z - 2*o + 4 = 0. What is the units digit of ((468/(-27))/(4/(-18)))/z?
8
Let m be ((-9)/(-3) - 1) + 142. What is the tens digit of (-70)/4*m/(-60)?
4
Let l(z) = -259*z. Let f(s) = -86*s. Let x(y) = -17*f(y) + 6*l(y). Let d be x(-1). Suppose -17*q = -13*q - d. What is the units digit of q?
3
Suppose 7*m = 6*m + 50. Suppose -5*c = t + 1 - m, -140 = -5*t - 4*c. Suppose -p + t = 3*p. What is the units digit of p?
6
What is the tens digit of -4 - ((-18)/(-3))/(-1) - -2786?
8
Let i(s) = -s**2 + 10*s - 13. Let j be i(9). What is the tens digit of (-6)/(j + 327/84)?
5
Suppose 0 = -7*l - 278 - 37. Let f = 7 - l. What is the units digit of f?
2
Let o(c) = c**2 - 7*c + 7. Let q be (-4)/(-16) - 26/8. Let z(t) = t**2 - 3. Let f be z(q). What is the units digit of o(f)?
1
Suppose -3*i = -0*i - 18. Let d(u) = u**2 - 7*u + 9. Let r be d(i). Suppose 6*b - 4*b = -r*t + 36, -3*b = 5*t - 52. What is the tens digit of b?
2
Let g = -895 - -5564. What is the hundreds digit of g?
6
Let b(o) = 280*o + 21. What is the thousands digit of b(5)?
1
Let a(s) = s**3 - 8*s**2 - 4*s - 24. What is the units digit of a(11)?
5
Suppose 0 = -24*j + 27*j - 279. Suppose 4*r - z + 2*z = -209, -101 = 2*r - 3*z. Let q = j + r. What is the tens digit of q?
4
Let y(f) = f**3 - 7*f**2 - 11*f - 4. Let c be y(8). What is the units digit of 4 - (c + 5)*7?
5
Suppose 4*i = -13 + 25, 0 = o + 3*i - 2188. What is the hundreds digit of o?
1
Let f = -39 + 48. What is the tens digit of 1288/(-12)*f/(-6)?
6
What is the thousands digit of -9 - -15 - (-1 + (-12732)/4)?
3
Let n = -2957 + 6743. What is the units digit of n?
6
Let t = 26 + -37. Let i = t - -15. Suppose -43 = -i*h + 37. What is the tens digit of h?
2
Let d(v) = -v**3 + 4*v**2 - 2*v - 9. Let c(q) = 1. Let l(y) = 5*c(y) + d(y). Let k be l(4). What is the units digit of (k + 11)/(-1 + 0)?
1
Let k(c) = c**3 + 4*c**2 - 4*c + 10. Let v = 16 + -12. What is the tens digit of k(v)?
2
Let g = 20 + -14. Suppose 0 = 5*t - g*t + 10. Suppose 12*b - t*b - 8 = 0. What is the units digit of b?
4
Suppose 5*b = 3 - 53. Let q(v) = v + 11. Let k be q(8). Let l = k + b. What is the units digit of l?
9
Let k = -1136 + 2254. What is the tens digit of k?
1
Let j = 580 + -463. What is the hundreds digit of j?
1
Let b be 662*1/(-8) + (-9)/(-12). Let z = 13 - b. What is the tens digit of z?
9
Let l be (-36)/(-3)*93/9. Suppose w = 4*w + 4*r - 5, -4*w = 2*r - 10. Suppose -l = -w*d - 16. What is the units digit of d?
6
Let g = -380 + 803. What is the tens digit of g?
2
Let c(l) = 6*l - 3. Let d be c(2). Suppose 0 = 3*p - d, 0*o + 2*o - 4*p + 2 = 0. Suppose -2*q - 18 = -o*q. What is the units digit of q?
6
Let z = -45 + 34. Let h = 16 + z. Suppose -10*c + 240 = -h*c. What is the units digit of c?
8
Let u(l) = 149*l**3 + l**2 - l + 1. Let b be u(1). Suppose -4*g - 4*s + 6 + b = 0, 0 = -4*g + s + 146. What is the units digit of g?
7
Suppose -244 - 406 = -13*d. Let h = -11 + d. What is the tens digit of h?
3
Let w = 450 - 289. What is the hundreds digit of w?
1
Suppose 0 = -33*f + 56*f - 33028. What is the thousands digit of f?
1
Let h(x) = x**3 - 8*x**2 + 9*x - 9. Let v be h(7). Suppose a - 4*a + 38 = v*w, w + 20 = 4*a. What is the units digit of a?
6
Let s = 3366 + 830. What is the thousands digit of s?
4
Let n(g) = 338*g**2 + 40*g - 12. What is the thousands digit of n(-4)?
5
Let l = -597 + 1582. What is the hundreds digit of l?
9
Let g(c) = 2*c**2 + 37*c - 17. Let p be g(-19). Suppose 5*b + 344 = 2*v, -p*v + b + 860 = 3*v. What is the tens digit of v?
7
Suppose 2*c - 9 = -5*f, -f + c - 4 = -3. What is the hundreds digit of ((-7 - -7) + f/(-2))*-262?
1
Let d(q) = 2*q**3 - 2*q**2 - 7*q - 7. Let a(r) = -2*r**3 + 3*r**2 + 8*r + 8. Let b(v) = -3*a(v) - 4*d(v). What is the units digit of b(-3)?
7
What is the thousands digit of -11775*165/(-315) - 6/7?
6
Suppose 0 = 4*k + 2*k - 864. Suppose 0*l = t - 3*l - k, 5*l = -3*t + 404. What is the hundreds digit of t?
1
Let d(k) = 9*k**2 - 2*k + 1. Suppose -4*m + 0*m = 12. Let r be d(m). Suppose 0 = -2*g + 2*a + 64, 5*a = -2*g - g + r. What is the units digit of g?
1
Let k = -125 + 127. Suppose -5*x + 907 = -c, 2*x + 71 - 429 = k*c. What is the hundreds digit of x?
1
Let z(b) be the second derivative of 29*b**5/20 - b**4/12 + b**3/3 + b. Let g = -331 - -332. What is the units digit of z(g)?
0
Suppose 2*u - 3*c = -3*u + 13030, 4*u + 3*c - 10397 = 0. What is the thousands digit of u?
2
Suppose -123 + 1107 = 24*v. What is the tens digit of v?
4
Let l(x) = -4 - 2*x**2 + 2 - 3*x**2 - 2 + x. Let d be l(2). What is the units digit of (-4)/d + 53/11?
5
Let g = -8170 + 11451. What is the thousands digit of g?
3
Let h = -642 + 3162. What is the hundreds digit of h?
5
What is the tens digit of (-96)/160 - -257*(-8)/(-10)?
0
Suppose 164*a + 39960 = 174*a. What is the thousands digit of a?
3
Let v(d) = -d**3 + 45*d**2 + 7*d - 17. What is the units digit of v(45)?
8
Let q(y) = y**3 + 26*y**2 - 44*y + 31. What is the hundreds digit of q(-27)?
4
Let b = -17 - -161. Suppose 